(5).
-5
Let p(b) = 5*b + 1. What is p(-9)?
-44
Let f(z) = 9*z - 28. Give f(2).
-10
Let u(w) = 4*w - 6. Give u(3).
6
Let u(o) = o**3 + 8*o**2 + 26*o + 60. Calculate u(-5).
5
Let y(s) = 2*s**2 + 28*s + 93. Give y(-8).
-3
Let y(c) = 2*c**2 - 6*c - 3. Determine y(6).
33
Let q(o) = -o**2 + 9*o - 6. What is q(8)?
2
Let p(b) = -b**2 + 6*b + 6. What is p(7)?
-1
Let m(b) = b - 14. Calculate m(5).
-9
Let n(l) = -2*l + 26. Determine n(9).
8
Let w(o) = -15*o - 50. Determine w(-3).
-5
Let c(t) = -5*t - 35. Calculate c(-12).
25
Let d(p) = p**3 - 9*p**2 + 7*p + 1. Calculate d(5).
-64
Let z(x) = -x**3 - 27*x**2 - 2*x - 57. Determine z(-27).
-3
Let h(x) = -8*x - 47. What is h(-8)?
17
Let a(q) = q**3 - 13*q**2 - 15*q + 7. Determine a(14).
-7
Let w(r) = r**3 - 15*r - 2. Determine w(5).
48
Let o(l) = -l - 6. Determine o(-19).
13
Let q(u) = 36*u - 36. Give q(1).
0
Let u(v) = v**3 - 24*v**2 + 18*v + 31. Give u(23).
-84
Let f(d) = d**2 + 7*d - 19. Calculate f(-9).
-1
Let m(u) = -u - 6. Calculate m(0).
-6
Let v(z) = -z**3 + 7*z**2 - 2*z - 4. Give v(5).
36
Let r(n) = -n + 17. What is r(8)?
9
Let r(y) = -y**2 + 22*y + 126. What is r(27)?
-9
Let m(l) = -4*l**3 - 21*l**2 - 2*l + 10. What is m(-5)?
-5
Let s(g) = 2*g + 39. Determine s(-20).
-1
Let y(g) = 2*g + 23. What is y(-11)?
1
Let w(m) = m**2 - 14*m - 4. Give w(15).
11
Let d(s) = -s**3 + 24*s**2 - 122*s + 15. What is d(7)?
-6
Let u(s) = -7*s + 3. Calculate u(3).
-18
Let u(y) = -y**2 + 6*y + 12. Determine u(10).
-28
Let o(t) = -199*t + 797. Determine o(4).
1
Let c(k) = -k**3 - 13*k**2 - 5*k - 9. Determine c(-13).
56
Let i(k) = -18*k**2 - 136*k - 1. What is i(-7)?
69
Let n(v) = -v**2 - 17*v - 41. What is n(-10)?
29
Let z(s) = s**3 - 10*s**2 - 14*s + 215. Give z(9).
8
Let j(c) = -12*c**3 + c**2 - c. What is j(1)?
-12
Let t(n) = n**3 + 31*n**2 + n + 52. Determine t(-31).
21
Let g(n) = n + 5. Give g(4).
9
Let v(j) = -28*j**2 + 5*j + 1. Give v(1).
-22
Let h(m) = -m**2 + 2*m - 17. What is h(7)?
-52
Let t(b) = 3*b**3 + 7*b**2 + b + 16. Determine t(-3).
-5
Let u(x) = x**3 + 4*x**2 - 5*x. What is u(-5)?
0
Let y(a) = -2*a**2 + 10*a + 11. What is y(6)?
-1
Let h(q) = -q**3 - 5*q**2 - 3*q - 1. Give h(-3).
-10
Let v(u) = -2*u**2 - 15*u - 15. Give v(-7).
-8
Let h(v) = v**3 - 13*v**2 + 24*v - 12. Calculate h(11).
10
Let z(w) = w**3 - 7*w**2 - 4*w + 11. Give z(8).
43
Let o(j) = j**2 - 9*j - 6. What is o(8)?
-14
Let c(s) = 10*s**3 + s**2 + s - 1. Give c(1).
11
Let u(r) = -r**2 - 6*r + 7. Determine u(-9).
-20
Let a(n) = n**3 - 4*n**2 - 9*n - 29. What is a(6)?
-11
Let t(l) = l - 1. Give t(1).
0
Let x(o) = -o**2 + 4*o + 2. Determine x(6).
-10
Let f(b) = -7*b - 2. Determine f(-1).
5
Let j(y) = -2*y**3 - 13*y**2 + 3*y. Give j(-7).
28
Let u(r) = r**2 - 18*r - 26. Give u(18).
-26
Let y(r) = -r**2 + 13*r. Give y(12).
12
Let u(q) = q**2 - 5*q + 4. Calculate u(4).
0
Let o(g) = -g**2 + 13*g + 39. Give o(16).
-9
Let y(d) = 2*d + 14. What is y(-7)?
0
Let g(i) = 6*i - 19. Give g(-8).
-67
Let t(h) = -h**3 + 8*h**2 - 6. What is t(8)?
-6
Let b(x) = -x**3 - 5*x**2 + 3*x - 26. What is b(-6)?
-8
Let o(n) = -4*n**2 + 187*n + 44. What is o(47)?
-3
Let t(u) = -u**3 + 7*u**2 + 26*u - 191. Determine t(6).
1
Let p(w) = 4*w**3 - 20*w**2 - 22*w - 14. Calculate p(6).
-2
Let a(j) = 2*j**2 - 44*j - 51. Determine a(23).
-5
Let n(t) = 12*t + 20. Calculate n(-8).
-76
Let h(t) = 14*t - 1. Give h(-1).
-15
Let q(b) = b**3 - 8*b**2 + 10*b + 3. Determine q(7).
24
Let p(v) = -7*v - 16. Calculate p(-5).
19
Let v(h) = -2*h + 13. Calculate v(0).
13
Let z(w) = -12*w + 90. Give z(3).
54
Let v(k) = k**2 + k + 6. Give v(-5).
26
Let m(h) = -2*h**3 - h**2 - h + 2. Calculate m(1).
-2
Let i(q) = 5*q**2 + 4*q - 4. Determine i(1).
5
Let k(f) = f**3 - 10*f**2 + 3*f + 2. Give k(9).
-52
Let s(n) = 2*n**2 + 43*n + 104. What is s(-19)?
9
Let h(r) = -r**3 + 15*r**2 - 14*r + 2. What is h(14)?
2
Let q(v) = -5*v + 3. What is q(3)?
-12
Let y(i) = -20*i + 8. Determine y(5).
-92
Let n(b) = b**2 + 8*b + 13. Calculate n(-7).
6
Let k(p) = 16*p**2 + p. Determine k(1).
17
Let w(h) = -h**2 - 7*h - 12. What is w(-6)?
-6
Let a(x) = -x**2 + 13*x + 111. Determine a(19).
-3
Let q(m) = m**3 - 13*m**2 - 17*m + 8. Determine q(14).
-34
Let n(w) = -14*w**2 + 2*w - 2. Give n(2).
-54
Let t(y) = -y**3 - 12*y**2 + 26*y - 61. What is t(-14)?
-33
Let i(k) = -k**3 + 14*k**2 - 10*k + 13. Determine i(12).
181
Let n(m) = -m**3 + 31*m**2 - 25*m - 142. What is n(30)?
8
Let r(l) = -l**2 + 3*l + 5. Calculate r(6).
-13
Let p(r) = 63*r + 4. Calculate p(1).
67
Let s(a) = a**2 + 5*a + 6. Determine s(-1).
2
Let d(k) = k**3 + 2*k**2 + k. Calculate d(-2).
-2
Let y(p) = p**3 - p - 4. Give y(-2).
-10
Let x(i) = i**3 + 2*i**2 - 4*i - 6. What is x(-5)?
-61
Let m(p) = 46*p - 1. Give m(-1).
-47
Let n(j) = 2*j**3 - 2*j**2 - j + 6. Calculate n(-2).
-16
Let o(d) = -d**3 - 7*d**2 - 7*d - 6. Give o(-4).
-26
Let d(a) = -a**2 + a - 5. Calculate d(2).
-7
Let l(i) = -9*i + 14. What is l(-7)?
77
Let j(h) = -2*h**2 - 24*h + 34. Determine j(-13).
8
Let r(p) = p**2 + 9*p - 21. Give r(-11).
1
Let i(b) = -6*b + 130. Give i(24).
-14
Let g(f) = -f**3 + 6*f**2 - 9*f + 10. Determine g(5).
-10
Let x(m) = 3*m**3 - 3*m**2 + 2. Determine x(2).
14
Let n(l) = 8*l + 41. Determine n(-4).
9
Let z(a) = 2*a**2 - 8*a - 14. Determine z(6).
10
Let h(u) = -u**2 - 12*u - 29. Determine h(-6).
7
Let s(t) = -t**2 + 2*t + 34. What is s(5)?
19
Let j(g) = -13*g + 70. Determine j(7).
-21
Let d(s) = 10*s + 110. Give d(-12).
-10
Let k(n) = -5*n + 56. Calculate k(11).
1
Let m(s) = -s**2 + 18*s - 69. Give m(11).
8
Let q(p) = 35*p**2 - 5*p. Give q(-1).
40
Let x(i) = 2*i + 15. Determine x(13).
41
Let o(q) = 2*q**2 + 8*q + 4. Determine o(-7).
46
Let k(a) = -3*a**2 + 20*a - 5. Determine k(6).
7
Let x(f) = f**2 + f - 17. What is x(-6)?
13
Let v(i) = 25*i**3 + 2*i**2 + 2*i - 2. What is v(1)?
27
Let y(b) = 5*b**3 + 33*b**2 - 11*b + 15. Give y(-7).
-6
Let n(l) = 2*l**3 - 5*l**2 + l + 2. Calculate n(3).
14
Let n(y) = y**3 - 67*y**2 + 184*y + 517. What is n(64)?
5
Let w(u) = u**3 - 11*u**2 - 20*u + 93. Determine w(12).
-3
Let c(u) = 5*u + 12. Determine c(-4).
-8
Let x(i) = 7*i**2 - 18. Calculate x(0).
-18
Let h(q) = q - 20. Give h(12).
-8
Let f(n) = 14*n - 76. Give f(7).
22
Let w(n) = -n**3 + 13*n**2 + 6*n - 31. Give w(13).
47
Let y(b) = b**2 + 8*b - 9. Give y(-9).
0
Let u(k) = 3*k + 14. Give u(-1).
11
Let d(r) = 20*r - 7. Determine d(-5).
-107
Let m(u) = -u**3 + 4*u**2 + 3*u + 2. Give m(4).
14
Let m(a) = a**2 - 10*a - 10. Determine m(6).
-34
Let b(w) = 67*w**2 + 28*w - 28. Calculate b(1).
67
Let r(u) = 3*u + 21. What is r(1)?
24
Let u(s) = -s**3 + 5*s**2 + 13*s + 16. What is u(7)?
9
Let x(d) = -d**3 + 12*d**2 - 8*d - 2. Calculate x(11).
31
Let l(i) = -9*i**3. Give l(1).
-9
Let p(f) = f**3 + 6*f**2 - 29*f - 15. What is p(-9)?
3
Let j(h) = -18*h - 5. Give j(-3).
49
Let r(p) = p**2 + 6*p + 9. What is r(-4)?
1
Let d(h) = 43*h - 2. Calculate d(-1).
-45
Let s(n) = -6*n**2 + 52*n + 21. Determine s(9).
3
Let z(l) = -l**2 - 14*l - 56. Give z(-7).
-7
Let z(u) = -u**2 - 22*u + 68. Determine z(-28).
-100
Let w(u) = u**2 - 7*u - 2. Calculate w(8).
6
Let p(u) = 13*u - 811. What is p(62)?
-5
Let x(z) = z**3 - 5*z**2 - 9*z - 48. Give x(7).
-13
Let c(j) = -j**3 - 9*j**2 + 27*j - 13. Give c(-12).
95
Let u(s) = -s + 11. Calculate u(-4).
15
Let r(c) = c**3 + 10*c**2 + 97*c + 655. Calculate r(-8).
7
Let l(q) = -q**2 + 8*q - 3. Give l(8).
-3
Let l(n) = 3*n**3 + 5*n**2 - 2*n + 13. Calculate l(-4).
-91
Let q(n) = -2*n**2 + 10*n + 5. Calculate q(9).
-67
Let x(b) = b - 12. Give x(11).
-1
Let h(s) = s**2 + 4*s - 22. Give h(-6).
-10
Let y(x) = -4*x + 85. Give y(21).
1
Let n(s) = -6*s**2 + s - 2. Determine n(-2).
-28
Let u(y) = -y**3 + y**2 - y + 61. Calculate u(0).
61
Let p(m) = m**3 + 5*m**2 - 6*m - 35. Give p(-4).
5
Let u(g) = g**3 - 9*g**2 - 10*g - 11. Calculate u(10).
-11
Let b(w) = -9*w - 8. What is b(4)?
-44
Let w(f) = -f**3 + 15*f**2 - 2*f + 24. Determine w(15).
-6
Let d(t) = 6*t**2 - 8*t + 8. Calculate d(1).
6
Let g(z) = z**3 + 6*z**2 - 5*z + 24. Give g(-7).
10
Let c(l) = 33*l**2 + 2*l + 1. Calculate c(-1).
32
Let y(s) = s**3 - 9*s**2 - 12*s + 7. What is y(10)?
-13
Let a(j) = -8*j - 21. What is a(-7)?
35
Let o(x) = x**3 - 3*x**2 - x - 1. Give o(5).
44
Let f(n) = n**2 + 2*n - 6. Calculate f(-3).
-3
Let c(u) = u*